5978 and 35802?
3978
Calculate the highest common factor of 5913897 and 132.
33
What is the highest common divisor of 1085312723 and 11?
11
What is the highest common divisor of 1898 and 127738?
26
What is the greatest common divisor of 1239860 and 140?
20
Calculate the highest common factor of 3464440 and 5656.
56
What is the greatest common divisor of 162816540 and 276?
276
What is the greatest common divisor of 13948 and 1364352?
44
Calculate the highest common divisor of 90 and 10010205.
45
What is the highest common divisor of 133920 and 25968?
48
Calculate the greatest common factor of 944503 and 62237.
119
What is the greatest common factor of 1190170 and 63750?
170
Calculate the highest common divisor of 1038285 and 9.
9
Calculate the greatest common factor of 19166 and 19018.
74
Calculate the highest common divisor of 14682573 and 4104.
513
What is the greatest common divisor of 160494 and 6072?
138
What is the greatest common divisor of 68 and 2122399?
17
What is the greatest common divisor of 28313479 and 86?
43
What is the greatest common divisor of 187 and 30933761?
17
Calculate the highest common divisor of 389644 and 708992.
116
Calculate the highest common divisor of 237915 and 2.
1
Calculate the highest common factor of 407757 and 8904.
21
What is the greatest common factor of 705451 and 8775283?
6593
What is the highest common divisor of 10344135 and 15525?
345
What is the highest common factor of 31444 and 311067631?
7861
What is the highest common factor of 1479564 and 32091?
1689
Calculate the highest common divisor of 4674 and 205257.
57
What is the highest common factor of 188856 and 122793?
183
Calculate the highest common factor of 207684 and 158076.
36
What is the highest common factor of 3479060 and 65?
65
Calculate the highest common factor of 80729 and 26914261.
1969
Calculate the greatest common divisor of 36762653 and 34.
17
Calculate the greatest common factor of 417481 and 4081.
53
What is the greatest common factor of 650352 and 1730940?
204
What is the greatest common factor of 3143587678 and 7?
7
What is the greatest common factor of 822419 and 123?
41
What is the greatest common factor of 423258134 and 906?
302
What is the highest common divisor of 128 and 20425096?
8
What is the highest common divisor of 2417 and 161206649?
2417
Calculate the highest common divisor of 324328 and 64184.
568
What is the highest common divisor of 92898 and 1337493?
1191
What is the greatest common factor of 7860 and 107371530?
3930
Calculate the highest common divisor of 105083502 and 1626.
1626
What is the greatest common factor of 2021 and 46300687?
47
Calculate the highest common divisor of 4568676 and 309.
3
What is the greatest common divisor of 60960 and 22200?
120
What is the highest common factor of 123354599 and 386?
193
Calculate the highest common divisor of 172 and 93716.
4
What is the greatest common divisor of 32 and 30130904?
8
Calculate the greatest common divisor of 2879262 and 378.
18
What is the greatest common factor of 224 and 2633232?
112
What is the greatest common divisor of 1391744 and 665480?
1048
Calculate the highest common divisor of 35883 and 27783.
81
Calculate the highest common factor of 64 and 41971808.
32
What is the highest common factor of 1400 and 702096?
8
What is the greatest common factor of 7938 and 6216042?
294
Calculate the greatest common divisor of 15372 and 16968.
84
What is the greatest common divisor of 14630586 and 1108?
554
What is the greatest common factor of 39145542 and 1510?
302
Calculate the greatest common factor of 2 and 78624908.
2
Calculate the highest common factor of 322028 and 1673.
7
Calculate the highest common divisor of 38322440 and 130.
130
Calculate the greatest common factor of 867569028 and 12.
12
Calculate the highest common divisor of 312954 and 984.
6
What is the highest common factor of 2345005 and 5590?
2795
Calculate the highest common divisor of 95407 and 2765737.
533
What is the greatest common factor of 135 and 24407895?
15
What is the greatest common factor of 118412 and 28224?
28
What is the highest common factor of 1346 and 28135438?
1346
What is the greatest common divisor of 1352274 and 3234?
462
What is the highest common factor of 88227 and 21393?
9
Calculate the greatest common factor of 41435846 and 10590.
706
Calculate the highest common divisor of 19187426 and 1066.
82
Calculate the highest common divisor of 4116 and 410472.
12
What is the greatest common factor of 4676 and 509466566?
2338
What is the greatest common divisor of 445 and 13521?
1
What is the highest common factor of 2038194 and 198?
18
Calculate the greatest common divisor of 8982 and 770426559.
4491
What is the greatest common factor of 98045801 and 2009?
287
Calculate the highest common factor of 261630 and 37359225.
7695
What is the highest common divisor of 172032 and 5098464?
672
What is the highest common divisor of 26278600 and 590?
590
What is the greatest common factor of 227415 and 89970?
15
Calculate the greatest common divisor of 32675108 and 2988.
332
Calculate the greatest common factor of 77356 and 455282.
466
Calculate the highest common divisor of 4376 and 36664.
8
What is the highest common factor of 1592 and 7653938?
398
Calculate the highest common divisor of 2345 and 97020.
35
What is the greatest common divisor of 260 and 1595690?
10
Calculate the greatest common divisor of 370 and 93170810.
370
What is the highest common divisor of 3034 and 4952524?
74
What is the greatest common divisor of 1515 and 4421275?
505
Calculate the highest common factor of 2117 and 6283111.
29
Calculate the highest common divisor of 1368867 and 7055786.
11129
Calculate the greatest common factor of 49996558 and 34.
34
Calculate the highest common factor of 1145880 and 932040.
1080
What is the greatest common divisor of 5382803 and 112661?
997
What is the highest common divisor of 7644 and 56316?
156
What is the greatest common factor of 36992 and 676549?
289
What is the greatest common factor of 4098 and 25484096?
1366
What is the highest common divisor of 232 and 91537688?
232
What is the greatest common factor of 2643730 and 52319?
463
Calculate the highest common divisor of 22494840 and 62.
62
Calculate the highest common factor of 20310747 and 6.
3
Calculate the highest common divisor of 238 and 38653678.
14
What is the greatest common divisor of 1517711645 and 5?
5
Calculate the highest common divisor of 43730379 and 3465.
693
Calculate the highest common factor of 199905 and 1370.
5
Calculate the highest common factor of 2403270 and 29565.
405
Calculate the highest common factor of 227 and 2123179805.
227
What is the greatest common factor of 517957625 and 6550?
3275
What is the greatest common divisor of 7679364 and 96?
12
Calculate the highest common factor of 39 and 2244346.
13
What is the highest common divisor of 879936 and 202152?
24
Calculate the highest common factor of 8690242 and 16362.
202
What is the greatest common divisor of 1327701 and 912?
57
Calculate the greatest common divisor of 320 and 745385.
5
Calculate the greatest common factor of 1136 and 926195.
71
Calculate the highest common divisor of 3 and 10271577.
3
What is the highest common factor of 561118 and 387947?
157
Calculate the greatest common divisor of 380654 and 2784.
58
What is the greatest common factor of 142648 and 1227116?
44
Calculate the greatest common factor of 48724 and 14264888.
3748
What is the greatest common factor of 6078000 and 414000?
6000
Calculate the greatest common divisor of 24768 and 8284509.
387
What is the highest common factor of 234 and 16722654?
78
Calculate the greatest common factor of 683 and 32738239.
683
What is the greatest common divisor of 17 and 64884461?
17
What is the greatest common divisor of 3271869 and 639?
9
Calculate the highest common divisor of 2266804366 and 446.
446
Calculate the greatest common factor of 304300 and 23975260.
3580
What is the greatest common divisor of 494 and 21613735?
247
What is the greatest common divisor of 12206797 and 989?
43
What is the highest common factor of 215490948 and 12?
12
What is the greatest common factor of 1218795336 and 3586?
3586
What is the highest common factor of 414 and 7096696?
46
What is